{"id":385,"date":"2013-02-05T20:26:28","date_gmt":"2013-02-05T18:26:28","guid":{"rendered":"http:\/\/www.msv1460.de\/cms\/?page_id=385"},"modified":"2020-08-19T19:58:41","modified_gmt":"2020-08-19T17:58:41","slug":"fanartikel","status":"publish","type":"page","link":"https:\/\/www.msv1460.de\/cms\/?page_id=385","title":{"rendered":"Fanartikel"},"content":{"rendered":"<p>Ab sofort k\u00f6nnen im Vereinsheim Fanartikel erworben werden. Ansprechpartner ist unser zust\u00e4ndiger Schie\u00dfsportleiter\/Platzwart.<\/p>\n<p>Momentan verf\u00fcgbar sind:<\/p>\n<!-- index.php -->\n<div\n\tclass=\"ngg-galleryoverview ngg-ajax-pagination-none\"\n\tid=\"ngg-gallery-f0036b34a6f5d50a9d4be62dd7888abd-1\">\n\n    \t<div class=\"slideshowlink\">\n        <a href='https:\/\/www.msv1460.de\/cms\/index.php\/nggallery\/slideshow?page_id=385'>&#091;Diaschau&#093;<\/a>\n\t\t\n\t<\/div>\n\t\t\t<!-- Thumbnails -->\n\t\t\t\t<div id=\"ngg-image-0\" class=\"ngg-gallery-thumbnail-box\" >\n\t\t\t\t        <div class=\"ngg-gallery-thumbnail\">\n            <a href=\"https:\/\/www.msv1460.de\/cms\/wp-content\/gallery\/shop\/aufkleber-neu.jpg\"\n               title=\"Aufkleber\"\n               data-src=\"https:\/\/www.msv1460.de\/cms\/wp-content\/gallery\/shop\/aufkleber-neu.jpg\"\n               data-thumbnail=\"https:\/\/www.msv1460.de\/cms\/wp-content\/gallery\/shop\/thumbs\/thumbs_aufkleber-neu.jpg\"\n               data-image-id=\"4122\"\n               data-title=\"Aufkleber\"\n               data-description=\"Aufkleber\"\n               data-image-slug=\"aufkleber-neu-1\"\n               class='thickbox' rel='f0036b34a6f5d50a9d4be62dd7888abd'>\n                <img\n                    title=\"Aufkleber\"\n                    alt=\"Aufkleber\"\n                    src=\"https:\/\/www.msv1460.de\/cms\/wp-content\/gallery\/shop\/thumbs\/thumbs_aufkleber-neu.jpg\"\n                    width=\"100\"\n                    height=\"75\"\n                    style=\"max-width:100%;\"\n                \/>\n            <\/a>\n        <\/div>\n\t\t\t\t\t\t\t<\/div> \n\t\t\t\n        \n\t\t\t\t<div id=\"ngg-image-1\" class=\"ngg-gallery-thumbnail-box\" >\n\t\t\t\t        <div class=\"ngg-gallery-thumbnail\">\n            <a href=\"https:\/\/www.msv1460.de\/cms\/wp-content\/gallery\/shop\/aufkleber.png\"\n               title=\"Aufkleber mit Homepage (auch transparent und\/oder seitenverkehrt f\u00fcr Autoscheibe innen)\"\n               data-src=\"https:\/\/www.msv1460.de\/cms\/wp-content\/gallery\/shop\/aufkleber.png\"\n               data-thumbnail=\"https:\/\/www.msv1460.de\/cms\/wp-content\/gallery\/shop\/thumbs\/thumbs_aufkleber.png\"\n               data-image-id=\"4119\"\n               data-title=\"Aufkleber mit Homepage\"\n               data-description=\"Aufkleber mit Homepage (auch transparent und\/oder seitenverkehrt f\u00fcr Autoscheibe innen)\"\n               data-image-slug=\"aufkleber\"\n               class='thickbox' rel='f0036b34a6f5d50a9d4be62dd7888abd'>\n                <img\n                    title=\"Aufkleber mit Homepage\"\n                    alt=\"Aufkleber mit Homepage\"\n                    src=\"https:\/\/www.msv1460.de\/cms\/wp-content\/gallery\/shop\/thumbs\/thumbs_aufkleber.png\"\n                    width=\"100\"\n                    height=\"75\"\n                    style=\"max-width:100%;\"\n                \/>\n            <\/a>\n        <\/div>\n\t\t\t\t\t\t\t<\/div> \n\t\t\t\n        \n\t\t\t\t<div id=\"ngg-image-2\" class=\"ngg-gallery-thumbnail-box\" >\n\t\t\t\t        <div class=\"ngg-gallery-thumbnail\">\n            <a href=\"https:\/\/www.msv1460.de\/cms\/wp-content\/gallery\/shop\/aufnaeher-web.png\"\n               title=\"Aufn\u00e4her\"\n               data-src=\"https:\/\/www.msv1460.de\/cms\/wp-content\/gallery\/shop\/aufnaeher-web.png\"\n               data-thumbnail=\"https:\/\/www.msv1460.de\/cms\/wp-content\/gallery\/shop\/thumbs\/thumbs_aufnaeher-web.png\"\n               data-image-id=\"4115\"\n               data-title=\"Aufn\u00e4her\"\n               data-description=\"Aufn\u00e4her\"\n               data-image-slug=\"aufnaeher-web\"\n               class='thickbox' rel='f0036b34a6f5d50a9d4be62dd7888abd'>\n                <img\n                    title=\"Aufn\u00e4her\"\n                    alt=\"Aufn\u00e4her\"\n                    src=\"https:\/\/www.msv1460.de\/cms\/wp-content\/gallery\/shop\/thumbs\/thumbs_aufnaeher-web.png\"\n                    width=\"100\"\n                    height=\"75\"\n                    style=\"max-width:100%;\"\n                \/>\n            <\/a>\n        <\/div>\n\t\t\t\t\t\t\t<\/div> \n\t\t\t\n        \n\t\t\t\t<div id=\"ngg-image-3\" class=\"ngg-gallery-thumbnail-box\" >\n\t\t\t\t        <div class=\"ngg-gallery-thumbnail\">\n            <a href=\"https:\/\/www.msv1460.de\/cms\/wp-content\/gallery\/shop\/schie%C3%9Fbuch.png\"\n               title=\"Schie\u00dfbuch\"\n               data-src=\"https:\/\/www.msv1460.de\/cms\/wp-content\/gallery\/shop\/schie%C3%9Fbuch.png\"\n               data-thumbnail=\"https:\/\/www.msv1460.de\/cms\/wp-content\/gallery\/shop\/thumbs\/thumbs_schie%C3%9Fbuch.png\"\n               data-image-id=\"4124\"\n               data-title=\"Schie\u00dfbuch\"\n               data-description=\"Schie\u00dfbuch\"\n               data-image-slug=\"schie%c3%9fbuch-1\"\n               class='thickbox' rel='f0036b34a6f5d50a9d4be62dd7888abd'>\n                <img\n                    title=\"Schie\u00dfbuch\"\n                    alt=\"Schie\u00dfbuch\"\n                    src=\"https:\/\/www.msv1460.de\/cms\/wp-content\/gallery\/shop\/thumbs\/thumbs_schie%C3%9Fbuch.png\"\n                    width=\"100\"\n                    height=\"75\"\n                    style=\"max-width:100%;\"\n                \/>\n            <\/a>\n        <\/div>\n\t\t\t\t\t\t\t<\/div> \n\t\t\t\n        \n\t\t\t\t<div id=\"ngg-image-4\" class=\"ngg-gallery-thumbnail-box\" >\n\t\t\t\t        <div class=\"ngg-gallery-thumbnail\">\n            <a href=\"https:\/\/www.msv1460.de\/cms\/wp-content\/gallery\/shop\/schiessbuch-neu.jpg\"\n               title=\"WBK-H\u00fclle\"\n               data-src=\"https:\/\/www.msv1460.de\/cms\/wp-content\/gallery\/shop\/schiessbuch-neu.jpg\"\n               data-thumbnail=\"https:\/\/www.msv1460.de\/cms\/wp-content\/gallery\/shop\/thumbs\/thumbs_schiessbuch-neu.jpg\"\n               data-image-id=\"4123\"\n               data-title=\"WBK-H\u00fclle\"\n               data-description=\"WBK-H\u00fclle\"\n               data-image-slug=\"schiessbuch-neu-2\"\n               class='thickbox' rel='f0036b34a6f5d50a9d4be62dd7888abd'>\n                <img\n                    title=\"WBK-H\u00fclle\"\n                    alt=\"WBK-H\u00fclle\"\n                    src=\"https:\/\/www.msv1460.de\/cms\/wp-content\/gallery\/shop\/thumbs\/thumbs_schiessbuch-neu.jpg\"\n                    width=\"100\"\n                    height=\"75\"\n                    style=\"max-width:100%;\"\n                \/>\n            <\/a>\n        <\/div>\n\t\t\t\t\t\t\t<\/div> \n\t\t\t\n        \n\t\t\t\t<div id=\"ngg-image-5\" class=\"ngg-gallery-thumbnail-box\" >\n\t\t\t\t        <div class=\"ngg-gallery-thumbnail\">\n            <a href=\"https:\/\/www.msv1460.de\/cms\/wp-content\/gallery\/shop\/Schie%C3%9Fsportleiter.jpg\"\n               title=\"Aufn\u00e4her &quot;Schie\u00dfsportleiter&quot;\"\n               data-src=\"https:\/\/www.msv1460.de\/cms\/wp-content\/gallery\/shop\/Schie%C3%9Fsportleiter.jpg\"\n               data-thumbnail=\"https:\/\/www.msv1460.de\/cms\/wp-content\/gallery\/shop\/thumbs\/thumbs_Schie%C3%9Fsportleiter.jpg\"\n               data-image-id=\"4125\"\n               data-title=\"Aufn\u00e4her &quot;Schie\u00dfsportleiter&quot;\"\n               data-description=\"Aufn\u00e4her &quot;Schie\u00dfsportleiter&quot;\"\n               data-image-slug=\"schie%c3%9fsportleiter-1\"\n               class='thickbox' rel='f0036b34a6f5d50a9d4be62dd7888abd'>\n                <img\n                    title=\"Aufn\u00e4her &quot;Schie\u00dfsportleiter&quot;\"\n                    alt=\"Aufn\u00e4her &quot;Schie\u00dfsportleiter&quot;\"\n                    src=\"https:\/\/www.msv1460.de\/cms\/wp-content\/gallery\/shop\/thumbs\/thumbs_Schie%C3%9Fsportleiter.jpg\"\n                    width=\"100\"\n                    height=\"75\"\n                    style=\"max-width:100%;\"\n                \/>\n            <\/a>\n        <\/div>\n\t\t\t\t\t\t\t<\/div> \n\t\t\t\n        \n\t\t\t\t<div id=\"ngg-image-6\" class=\"ngg-gallery-thumbnail-box\" >\n\t\t\t\t        <div class=\"ngg-gallery-thumbnail\">\n            <a href=\"https:\/\/www.msv1460.de\/cms\/wp-content\/gallery\/shop\/shirt_1.jpg\"\n               title=\"\"\n               data-src=\"https:\/\/www.msv1460.de\/cms\/wp-content\/gallery\/shop\/shirt_1.jpg\"\n               data-thumbnail=\"https:\/\/www.msv1460.de\/cms\/wp-content\/gallery\/shop\/thumbs\/thumbs_shirt_1.jpg\"\n               data-image-id=\"4126\"\n               data-title=\"shirt_1\"\n               data-description=\"\"\n               data-image-slug=\"shirt_1\"\n               class='thickbox' rel='f0036b34a6f5d50a9d4be62dd7888abd'>\n                <img\n                    title=\"shirt_1\"\n                    alt=\"shirt_1\"\n                    src=\"https:\/\/www.msv1460.de\/cms\/wp-content\/gallery\/shop\/thumbs\/thumbs_shirt_1.jpg\"\n                    width=\"100\"\n                    height=\"75\"\n                    style=\"max-width:100%;\"\n                \/>\n            <\/a>\n        <\/div>\n\t\t\t\t\t\t\t<\/div> \n\t\t\t\n        \n\t\t\t\t<div id=\"ngg-image-7\" class=\"ngg-gallery-thumbnail-box\" >\n\t\t\t\t        <div class=\"ngg-gallery-thumbnail\">\n            <a href=\"https:\/\/www.msv1460.de\/cms\/wp-content\/gallery\/shop\/shirt_2.jpg\"\n               title=\"\"\n               data-src=\"https:\/\/www.msv1460.de\/cms\/wp-content\/gallery\/shop\/shirt_2.jpg\"\n               data-thumbnail=\"https:\/\/www.msv1460.de\/cms\/wp-content\/gallery\/shop\/thumbs\/thumbs_shirt_2.jpg\"\n               data-image-id=\"4127\"\n               data-title=\"shirt_2\"\n               data-description=\"\"\n               data-image-slug=\"shirt_2\"\n               class='thickbox' rel='f0036b34a6f5d50a9d4be62dd7888abd'>\n                <img\n                    title=\"shirt_2\"\n                    alt=\"shirt_2\"\n                    src=\"https:\/\/www.msv1460.de\/cms\/wp-content\/gallery\/shop\/thumbs\/thumbs_shirt_2.jpg\"\n                    width=\"100\"\n                    height=\"75\"\n                    style=\"max-width:100%;\"\n                \/>\n            <\/a>\n        <\/div>\n\t\t\t\t\t\t\t<\/div> \n\t\t\t\n        \n\t\t\t\t<div id=\"ngg-image-8\" class=\"ngg-gallery-thumbnail-box\" >\n\t\t\t\t        <div class=\"ngg-gallery-thumbnail\">\n            <a href=\"https:\/\/www.msv1460.de\/cms\/wp-content\/gallery\/shop\/shirt_3.jpg\"\n               title=\"\"\n               data-src=\"https:\/\/www.msv1460.de\/cms\/wp-content\/gallery\/shop\/shirt_3.jpg\"\n               data-thumbnail=\"https:\/\/www.msv1460.de\/cms\/wp-content\/gallery\/shop\/thumbs\/thumbs_shirt_3.jpg\"\n               data-image-id=\"4128\"\n               data-title=\"shirt_3\"\n               data-description=\"\"\n               data-image-slug=\"shirt_3\"\n               class='thickbox' rel='f0036b34a6f5d50a9d4be62dd7888abd'>\n                <img\n                    title=\"shirt_3\"\n                    alt=\"shirt_3\"\n                    src=\"https:\/\/www.msv1460.de\/cms\/wp-content\/gallery\/shop\/thumbs\/thumbs_shirt_3.jpg\"\n                    width=\"100\"\n                    height=\"75\"\n                    style=\"max-width:100%;\"\n                \/>\n            <\/a>\n        <\/div>\n\t\t\t\t\t\t\t<\/div> \n\t\t\t\n        \n\t\t\t\t<div id=\"ngg-image-9\" class=\"ngg-gallery-thumbnail-box\" >\n\t\t\t\t        <div class=\"ngg-gallery-thumbnail\">\n            <a href=\"https:\/\/www.msv1460.de\/cms\/wp-content\/gallery\/shop\/vereinsabzeichen.jpg\"\n               title=\"Vereinsabzeichen\"\n               data-src=\"https:\/\/www.msv1460.de\/cms\/wp-content\/gallery\/shop\/vereinsabzeichen.jpg\"\n               data-thumbnail=\"https:\/\/www.msv1460.de\/cms\/wp-content\/gallery\/shop\/thumbs\/thumbs_vereinsabzeichen.jpg\"\n               data-image-id=\"4116\"\n               data-title=\"Vereinsabzeichen\"\n               data-description=\"Vereinsabzeichen\"\n               data-image-slug=\"vereinsabzeichen-1025\"\n               class='thickbox' rel='f0036b34a6f5d50a9d4be62dd7888abd'>\n                <img\n                    title=\"Vereinsabzeichen\"\n                    alt=\"Vereinsabzeichen\"\n                    src=\"https:\/\/www.msv1460.de\/cms\/wp-content\/gallery\/shop\/thumbs\/thumbs_vereinsabzeichen.jpg\"\n                    width=\"100\"\n                    height=\"75\"\n                    style=\"max-width:100%;\"\n                \/>\n            <\/a>\n        <\/div>\n\t\t\t\t\t\t\t<\/div> \n\t\t\t\n        \n\t\t\n\t\t<div class=\"ngg-clear\"><\/div>\n\t<\/div>\n\n<p>&nbsp;<\/p>\n<h4>Preise:<\/h4>\n<p><strong>Aufn\u00e4her<\/strong>: 5,- \u20ac<\/p>\n<p><strong>Aufkleber (alle Gr\u00f6\u00dfen und Arten)<\/strong>: 1,50 \u20ac<\/p>\n<p><strong>Schie\u00dfbuch:<\/strong> 3,- \u20ac<\/p>\n<p><strong>WBK-H\u00fclle (schwarz, blau oder gr\u00fcn):<\/strong> 10,- \u20ac<\/p>\n<p><strong>Vereinsabzeichen:<\/strong> 5.- \u20ac<\/p>\n<p><strong>Vereinsshirt (<em>Bestellartikel<\/em> &#8211; alle Gr\u00f6\u00dfen S &#8211; 4XL ein Preis):<\/strong> 10,- \u20ac<\/p>\n<p><strong>Aufn\u00e4her &#8222;Schie\u00dfsportleiter&#8220;:<\/strong> 10,- \u20ac<\/p>\n<p>&nbsp;<\/p>\n","protected":false},"excerpt":{"rendered":"<p>Ab sofort k\u00f6nnen im Vereinsheim Fanartikel erworben werden. Ansprechpartner ist unser zust\u00e4ndiger Schie\u00dfsportleiter\/Platzwart. Momentan verf\u00fcgbar sind: &#8220; order_by=&#8220;filename&#8220; order_direction=&#8220;ASC&#8220; returns=&#8220;included&#8220; maximum_entity_count=&#8220;500&#8243;]&nbsp; &nbsp; Preise: Aufn\u00e4her: 5,- \u20ac Aufkleber (alle Gr\u00f6\u00dfen und Arten): 1,50 \u20ac Schie\u00dfbuch: 3,- \u20ac WBK-H\u00fclle (schwarz, blau oder gr\u00fcn): 10,- \u20ac Vereinsabzeichen: 5.- \u20ac Vereinsshirt (Bestellartikel &#8211; alle Gr\u00f6\u00dfen S &#8211; 4XL ein [&hellip;]<\/p>\n","protected":false},"author":1,"featured_media":0,"parent":0,"menu_order":0,"comment_status":"closed","ping_status":"closed","template":"","meta":{"ngg_post_thumbnail":0},"_links":{"self":[{"href":"https:\/\/www.msv1460.de\/cms\/index.php?rest_route=\/wp\/v2\/pages\/385"}],"collection":[{"href":"https:\/\/www.msv1460.de\/cms\/index.php?rest_route=\/wp\/v2\/pages"}],"about":[{"href":"https:\/\/www.msv1460.de\/cms\/index.php?rest_route=\/wp\/v2\/types\/page"}],"author":[{"embeddable":true,"href":"https:\/\/www.msv1460.de\/cms\/index.php?rest_route=\/wp\/v2\/users\/1"}],"replies":[{"embeddable":true,"href":"https:\/\/www.msv1460.de\/cms\/index.php?rest_route=%2Fwp%2Fv2%2Fcomments&post=385"}],"version-history":[{"count":31,"href":"https:\/\/www.msv1460.de\/cms\/index.php?rest_route=\/wp\/v2\/pages\/385\/revisions"}],"predecessor-version":[{"id":2987,"href":"https:\/\/www.msv1460.de\/cms\/index.php?rest_route=\/wp\/v2\/pages\/385\/revisions\/2987"}],"wp:attachment":[{"href":"https:\/\/www.msv1460.de\/cms\/index.php?rest_route=%2Fwp%2Fv2%2Fmedia&parent=385"}],"curies":[{"name":"wp","href":"https:\/\/api.w.org\/{rel}","templated":true}]}}