{"id":17,"date":"2012-11-07T22:41:58","date_gmt":"2012-11-07T20:41:58","guid":{"rendered":"http:\/\/www.msv1460.de\/cms\/?page_id=17"},"modified":"2013-05-19T07:43:37","modified_gmt":"2013-05-19T05:43:37","slug":"anfahrt","status":"publish","type":"page","link":"https:\/\/www.msv1460.de\/cms\/?page_id=17","title":{"rendered":"Anfahrt"},"content":{"rendered":"<style type=\"text\/css\"><!--\nP { margin-bottom: 0.21cm; }\n--><\/style>\n<h3 align=\"JUSTIFY\"><span style=\"font-family: Arial,sans-serif;\"><span style=\"font-size: small;\"><b>Mei\u00dfner Sch\u00fctzenverein 1460 e.V<\/b><\/span><\/span><\/h3>\n<style type=\"text\/css\"><!--\nP { margin-bottom: 0.21cm; }\n--><\/style>\n<h4 align=\"JUSTIFY\"><span style=\"font-family: Arial,sans-serif;\"><span style=\"font-size: small;\">01689 Niederau \/ OT Gro\u00dfdobritz, Hohlweg 17<\/span><\/span><\/h4>\n<p><iframe loading=\"lazy\" src=\"http:\/\/maps.google.de\/maps\/ms?msa=0&amp;msid=208482288547452122197.0004a8cf82baff6f69c04&amp;hl=de&amp;ie=UTF8&amp;t=h&amp;ll=51.209303,13.557301&amp;spn=0.02581,0.054932&amp;z=14&amp;output=embed\" height=\"480\" width=\"640\" frameborder=\"0\" marginwidth=\"0\" marginheight=\"0\" scrolling=\"no\"><\/iframe><br \/>\n<small><a style=\"color: #0000ff; text-align: left;\" href=\"http:\/\/maps.google.de\/maps\/ms?msa=0&amp;msid=208482288547452122197.0004a8cf82baff6f69c04&amp;hl=de&amp;ie=UTF8&amp;t=h&amp;ll=51.209303,13.557301&amp;spn=0.02581,0.054932&amp;z=14&amp;source=embed\">MSV1460<\/a> auf einer gr\u00f6\u00dferen Karte anzeigen<\/small><\/p>\n","protected":false},"excerpt":{"rendered":"<p>Mei\u00dfner Sch\u00fctzenverein 1460 e.V 01689 Niederau \/ OT Gro\u00dfdobritz, Hohlweg 17 MSV1460 auf einer gr\u00f6\u00dferen Karte anzeigen<\/p>\n","protected":false},"author":1,"featured_media":0,"parent":0,"menu_order":0,"comment_status":"closed","ping_status":"closed","template":"","meta":{"ngg_post_thumbnail":0},"_links":{"self":[{"href":"https:\/\/www.msv1460.de\/cms\/index.php?rest_route=\/wp\/v2\/pages\/17"}],"collection":[{"href":"https:\/\/www.msv1460.de\/cms\/index.php?rest_route=\/wp\/v2\/pages"}],"about":[{"href":"https:\/\/www.msv1460.de\/cms\/index.php?rest_route=\/wp\/v2\/types\/page"}],"author":[{"embeddable":true,"href":"https:\/\/www.msv1460.de\/cms\/index.php?rest_route=\/wp\/v2\/users\/1"}],"replies":[{"embeddable":true,"href":"https:\/\/www.msv1460.de\/cms\/index.php?rest_route=%2Fwp%2Fv2%2Fcomments&post=17"}],"version-history":[{"count":3,"href":"https:\/\/www.msv1460.de\/cms\/index.php?rest_route=\/wp\/v2\/pages\/17\/revisions"}],"predecessor-version":[{"id":19,"href":"https:\/\/www.msv1460.de\/cms\/index.php?rest_route=\/wp\/v2\/pages\/17\/revisions\/19"}],"wp:attachment":[{"href":"https:\/\/www.msv1460.de\/cms\/index.php?rest_route=%2Fwp%2Fv2%2Fmedia&parent=17"}],"curies":[{"name":"wp","href":"https:\/\/api.w.org\/{rel}","templated":true}]}}